4360?
True
Is 169 a factor of 79160783?
True
Is 2698 a factor of 131380355?
False
Does 16 divide 106187440?
True
Does 1330 divide 103068962?
False
Is 2360398562 a multiple of 94?
True
Is 667180560 a multiple of 30?
True
Is 99 a factor of 11951973?
True
Is 18 a factor of 12218058?
True
Is 119 a factor of 1821706145?
True
Is 58 a factor of 6497450?
True
Is 443 a factor of 11891892?
True
Is 206761339 a multiple of 692?
False
Is 47600 a multiple of 35?
True
Does 14 divide 402541496?
True
Is 143272452 a multiple of 1039?
False
Does 3 divide 6534633?
True
Does 22 divide 46787906?
True
Is 18748950 a multiple of 1650?
True
Does 2 divide 299847343?
False
Is 2117296968 a multiple of 2188?
True
Is 44 a factor of 474253731?
False
Is 340 a factor of 1328732559?
False
Is 98782169 a multiple of 7?
False
Is 105668440 a multiple of 662?
True
Does 5579 divide 40391960?
True
Is 13827193 a multiple of 43?
False
Is 2556 a factor of 94083123?
False
Does 4 divide 8297631?
False
Is 18 a factor of 919448380?
False
Does 185 divide 291423449?
False
Is 121414650 a multiple of 30?
True
Is 75183174 a multiple of 99?
True
Is 129 a factor of 139225214?
False
Is 378001470 a multiple of 2332?
False
Does 19 divide 16667603?
False
Is 8673750 a multiple of 257?
True
Does 3448 divide 14839132?
False
Is 1113680400 a multiple of 4038?
True
Is 19316173 a multiple of 883?
False
Is 13008312 a multiple of 125?
False
Is 22 a factor of 340426196?
True
Is 15 a factor of 797007360?
True
Does 20 divide 203347940?
True
Is 8 a factor of 27369203?
False
Does 5 divide 1976424303?
False
Is 58775947 a multiple of 212?
False
Is 564535240 a multiple of 288?
False
Is 11 a factor of 6280980?
False
Does 1019 divide 53975411?
True
Does 21 divide 158923683?
False
Is 4987 a factor of 573423688?
False
Is 329668182 a multiple of 102?
True
Does 37 divide 140277331?
False
Is 184 a factor of 83112616?
True
Is 678143974 a multiple of 101?
False
Is 377741650 a multiple of 5?
True
Does 575 divide 386664500?
True
Is 1199 a factor of 1526879739?
True
Does 6 divide 34568934?
True
Is 38834424 a multiple of 1467?
True
Is 74120177 a multiple of 357?
False
Does 549 divide 563997321?
False
Is 3738432 a multiple of 9?
False
Is 174 a factor of 294954196?
False
Does 2969 divide 484109857?
False
Does 264 divide 531002736?
True
Does 44 divide 22889680?
True
Does 32 divide 152360992?
True
Is 421802244 a multiple of 92?
True
Does 1377 divide 296724222?
True
Is 148 a factor of 387688516?
True
Is 80547124 a multiple of 197?
False
Does 269 divide 4401177864?
True
Is 9516680 a multiple of 53?
True
Does 1298 divide 14268914?
True
Is 120370805 a multiple of 865?
True
Is 9 a factor of 49963869?
True
Does 709 divide 33704155?
False
Is 1458 a factor of 261578513?
False
Is 29 a factor of 394167565?
True
Is 27 a factor of 48139461?
True
Does 41 divide 722922373?
True
Is 1549 a factor of 199297438?
True
Is 13805913 a multiple of 319?
False
Does 5 divide 91787125?
True
Is 27 a factor of 836272?
False
Is 41 a factor of 754056131?
False
Does 465 divide 19323540?
True
Does 182 divide 5845112?
True
Is 28 a factor of 1726504752?
True
Does 121 divide 19925070?
True
Is 250 a factor of 158384672?
False
Does 13 divide 33907202?
False
Is 37651499 a multiple of 1133?
False
Is 147933039 a multiple of 394?
False
Is 30 a factor of 76973353?
False
Is 81487861 a multiple of 50?
False
Does 202 divide 34031950?
True
Is 3181280 even?
True
Is 1488 a factor of 8105136?
True
Is 4386624 even?
True
Is 192 a factor of 872366976?
True
Is 187651459 a multiple of 771?
False
Does 1770 divide 3662245050?
True
Is 254053940 a multiple of 2564?
True
Is 64 a factor of 76949898?
False
Is 63729148 a multiple of 63?
False
Is 102 a factor of 97636830?
False
Does 16 divide 9852576?
True
Is 7 a factor of 22643333?
False
Is 10395501 a multiple of 93?
False
Is 284 a factor of 16827568?
True
Is 18767332 a multiple of 13?
False
Does 109 divide 594872567?
False
Is 364 a factor of 27504908?
False
Is 8677 a factor of 1932957936?
True
Does 617 divide 6925825?
True
Is 18 a factor of 97864614?
True
Is 10 a factor of 6258830?
True
Is 184 a factor of 7428508?
False
Is 16 a factor of 172136416?
True
Is 50 a factor of 49559450?
True
Is 459 a factor of 83153817?
True
Does 5597 divide 105923225?
True
Does 2361 divide 17923379?
False
Does 101 divide 155526567?
True
Is 2052 a factor of 231674904?
True
Does 83 divide 6499066?
True
Does 194 divide 135988036?
False
Is 1691664775 a multiple of 15?
False
Is 1275667620 a multiple of 27?
False
Is 103 a factor of 202545091?
False
Does 3 divide 704622?
True
Is 15 a factor of 51504045?
True
Is 1813 a factor of 17535776?
False
Is 8238 a factor of 1400089577?
False
Does 15 divide 161173440?
True
Is 133 a factor of 7538573?
True
Does 90 divide 25987294?
False
Is 298 a factor of 23977378?
True
Is 335816598 a multiple of 49?
False
Does 1709 divide 40247947?
False
Is 1536587227 a multiple of 146?
False
Does 32 divide 66603984?
False
Is 2362648950 a multiple of 2745?
True
Is 356 a factor of 616258810?
False
Does 2273 divide 1303115200?
False
Is 916 a factor of 611434580?
True
Does 12 divide 152539795?
False
Is 335031852 a multiple of 102?
True
Does 27 divide 293889276?
True
Is 13 a factor of 514913802?
True
Is 39 a factor of 2524847?
False
Does 3462 divide 97264890?
True
Is 670 a factor of 141841011?
False
Does 141 divide 28221855?
True
Does 37 divide 9171999?
False
Does 11 divide 45487234?
False
Does 2 divide 669062?
True
Is 76655291 a multiple of 126?
False
Does 196 divide 123833868?
False
Does 39 divide 11680910?
False
Is 110 a factor of 11914339?
False
Is 10 a factor of 153440520?
True
Is 50698254 a multiple of 18?
False
Does 92 divide 4636547?
False
Is 486 a factor of 869019030?
True
Is 60 a factor of 610882620?
True
Is 44491973 a multiple of 652?
False
Is 707191760 a multiple of 10?
True
Does 22 divide 168419135?
False
Is 435855160 a multiple of 2764?
True
Does 2077 divide 35190611?
True
Does 6 divide 551682?
True
Does 205 divide 39999805?
True
Is 104379863 a multiple of 642?
False
Does 89 divide 113471707?
True
Does 6 divide 107407530?
True
Is 27845648 a multiple of 8?
True
Is 955215712 a multiple of 7559?
True
Does 13 divide 490792120?
True
Does 4766 divide 486859004?
False
Is 219313799 a multiple of 1979?
False
Is 50726500 a multiple of 2750?
True
Is 678 a factor of 2624905476?
True
Is 7 a factor of 77618807?
True
Does 19 divide 33153534?
False
Does 816 divide 61832400?
True
Is 147917384 a multiple of 45?
False
Is 97924050 a multiple of 90?
True
Is 11 a factor of 36610002?
True
Does 564 divide 25075734?
False
Is 42 a factor of 635450096?
False
Does 164 divide 35573896?
True
Does 217 divide 155068417?
True
Does 13 divide 918066032?
True
Does 703 divide 3909738?
False
Is 980587 a multiple of 719?
False
Does 33 divide 285753633?
True
Is 10507280 a multiple of 290?
True
Does 90 divide 2936326394?
False
Is 256 a factor of 156936819?
False
Is 4128 a factor of 485849088?
True
Does 7 divide 33105127?
False
Is 854 a factor of 523572822?
False
Is 749897460 a multiple of 54?
True
Does 252 divide 31928034?
False
Is 27751320 a multiple of 942?
True
Does 30 divide 330002048?
False
Does 12 divide 788631560?
False
Does 208 divide 5942768?
True
Does 1199 divide 72752922?
True
Does 1042 divide 21807540?
False
Is 514 a factor of 29352946?
False
Is 50 a factor of 48606850?
True
Is 249130362 a multiple of 141?
True
Is 114165904 a multiple of 3628?
True
Is 218 a factor of 639539899?
False
Is 35 a factor of 675955?
True
Is 160 a factor of 44829440?
True
Does 175 divide 77712775?
True
Is 55627266 a multiple of 6?
True
Is 1916767292 a multiple of 484?
True
Does 2 divide 170508051?
False
Is 317174130 a multiple of 273?
True
Does 583 divide 14693349?
True
Is 11 a factor of 647378413?
True
Is 228260634 a multiple of 511?
True
Does 161 divide 276707480?
True
Is 23890005 a multiple of 653?
True
Is 13 a factor of 186243523?
False
Is 408 a factor of 255631501?
False
Is 50360800 a multiple of 35?
True
Is 61448623 a multiple of 188?
False
Is 1240 a factor of 1247440?
True
Is 1709 a factor of 1079527448?
True
Is 4 a factor of 32350481?
False
Does 34 divide 10207548?
True
Is 648 a factor of 17493919?
False
Does 2352 divide 5453828257?
False
Does 127 divide 75240583?
False
Is 53840393 a